[INFO] cloning repository https://github.com/Electron100/butane
[INFO] running `Command { std: "git" "-c" "credential.helper=" "-c" "credential.helper=/workspace/cargo-home/bin/git-credential-null" "clone" "--bare" "https://github.com/Electron100/butane" "/workspace/cache/git-repos/https%3A%2F%2Fgithub.com%2FElectron100%2Fbutane", kill_on_drop: false }`
[INFO] [stderr] Cloning into bare repository '/workspace/cache/git-repos/https%3A%2F%2Fgithub.com%2FElectron100%2Fbutane'...
[INFO] running `Command { std: "git" "rev-parse" "HEAD", kill_on_drop: false }`
[INFO] [stdout] e3431234e0c2f1a531e3570373754f776e14772b
[INFO] checking Electron100/butane against master#9610dfe5a9a731ced1ea4923ecbd0c57fe367898 for beta-170-4
[INFO] running `Command { std: "git" "clone" "/workspace/cache/git-repos/https%3A%2F%2Fgithub.com%2FElectron100%2Fbutane" "/workspace/builds/worker-1-tc1/source", kill_on_drop: false }`
[INFO] [stderr] Cloning into '/workspace/builds/worker-1-tc1/source'...
[INFO] [stderr] done.
[INFO] validating manifest of git repo https://github.com/Electron100/butane on toolchain 9610dfe5a9a731ced1ea4923ecbd0c57fe367898
[INFO] running `Command { std: CARGO_HOME="/workspace/cargo-home" RUSTUP_HOME="/workspace/rustup-home" "/workspace/cargo-home/bin/cargo" "+9610dfe5a9a731ced1ea4923ecbd0c57fe367898" "metadata" "--manifest-path" "Cargo.toml" "--no-deps", kill_on_drop: false }`
[INFO] started tweaking git repo https://github.com/Electron100/butane
[INFO] finished tweaking git repo https://github.com/Electron100/butane
[INFO] tweaked toml for git repo https://github.com/Electron100/butane written to /workspace/builds/worker-1-tc1/source/Cargo.toml
[INFO] crate git repo https://github.com/Electron100/butane already has a lockfile, it will not be regenerated
[INFO] running `Command { std: CARGO_HOME="/workspace/cargo-home" RUSTUP_HOME="/workspace/rustup-home" "/workspace/cargo-home/bin/cargo" "+9610dfe5a9a731ced1ea4923ecbd0c57fe367898" "fetch" "--manifest-path" "Cargo.toml", kill_on_drop: false }`
[INFO] [stderr]     Updating crates.io index
[INFO] [stderr]  Downloading crates ...
[INFO] [stderr]   Downloaded dummy v0.5.0
[INFO] [stderr]   Downloaded darling_core v0.9.0
[INFO] [stderr]   Downloaded postgres-native-tls v0.5.0
[INFO] [stderr]   Downloaded sqlparser v0.34.0
[INFO] [stderr]   Downloaded darling v0.9.0
[INFO] [stderr]   Downloaded exec_time v0.1.4
[INFO] [stderr]   Downloaded fake v2.6.0
[INFO] [stderr]   Downloaded darling_macro v0.9.0
[INFO] running `Command { std: "docker" "create" "-v" "/var/lib/crater-agent-workspace/builds/worker-1-tc1/target:/opt/rustwide/target:rw,Z" "-v" "/var/lib/crater-agent-workspace/builds/worker-1-tc1/source:/opt/rustwide/workdir:ro,Z" "-v" "/var/lib/crater-agent-workspace/cargo-home:/opt/rustwide/cargo-home:ro,Z" "-v" "/var/lib/crater-agent-workspace/rustup-home:/opt/rustwide/rustup-home:ro,Z" "-e" "SOURCE_DIR=/opt/rustwide/workdir" "-e" "CARGO_TARGET_DIR=/opt/rustwide/target" "-e" "CARGO_HOME=/opt/rustwide/cargo-home" "-e" "RUSTUP_HOME=/opt/rustwide/rustup-home" "-w" "/opt/rustwide/workdir" "-m" "1610612736" "--user" "0:0" "--network" "none" "ghcr.io/rust-lang/crates-build-env/linux@sha256:19e73879b68f455e41552ea35293514db52ea292d993f571636dbffedb77a1ee" "/opt/rustwide/cargo-home/bin/cargo" "+9610dfe5a9a731ced1ea4923ecbd0c57fe367898" "metadata" "--no-deps" "--format-version=1", kill_on_drop: false }`
[INFO] [stdout] 9d91df56afb82df28820870c23774763b8eabd234c8982e8d64f324aa3f14902
[INFO] running `Command { std: "docker" "start" "-a" "9d91df56afb82df28820870c23774763b8eabd234c8982e8d64f324aa3f14902", kill_on_drop: false }`
[INFO] running `Command { std: "docker" "inspect" "9d91df56afb82df28820870c23774763b8eabd234c8982e8d64f324aa3f14902", kill_on_drop: false }`
[INFO] running `Command { std: "docker" "rm" "-f" "9d91df56afb82df28820870c23774763b8eabd234c8982e8d64f324aa3f14902", kill_on_drop: false }`
[INFO] [stdout] 9d91df56afb82df28820870c23774763b8eabd234c8982e8d64f324aa3f14902
[INFO] running `Command { std: "docker" "create" "-v" "/var/lib/crater-agent-workspace/builds/worker-1-tc1/target:/opt/rustwide/target:rw,Z" "-v" "/var/lib/crater-agent-workspace/builds/worker-1-tc1/source:/opt/rustwide/workdir:ro,Z" "-v" "/var/lib/crater-agent-workspace/cargo-home:/opt/rustwide/cargo-home:ro,Z" "-v" "/var/lib/crater-agent-workspace/rustup-home:/opt/rustwide/rustup-home:ro,Z" "-e" "SOURCE_DIR=/opt/rustwide/workdir" "-e" "CARGO_TARGET_DIR=/opt/rustwide/target" "-e" "CARGO_INCREMENTAL=0" "-e" "RUST_BACKTRACE=full" "-e" "RUSTFLAGS=--cap-lints=forbid" "-e" "RUSTDOCFLAGS=--cap-lints=forbid" "-e" "CARGO_HOME=/opt/rustwide/cargo-home" "-e" "RUSTUP_HOME=/opt/rustwide/rustup-home" "-w" "/opt/rustwide/workdir" "-m" "1610612736" "--user" "0:0" "--network" "none" "ghcr.io/rust-lang/crates-build-env/linux@sha256:19e73879b68f455e41552ea35293514db52ea292d993f571636dbffedb77a1ee" "/opt/rustwide/cargo-home/bin/cargo" "+9610dfe5a9a731ced1ea4923ecbd0c57fe367898" "check" "--frozen" "--all" "--all-targets" "--message-format=json", kill_on_drop: false }`
[INFO] [stdout] 463d457c9a03dd8d3e55b1d420193088fd45a129b9b4bf4f2fd6ed865adfb474
[INFO] running `Command { std: "docker" "start" "-a" "463d457c9a03dd8d3e55b1d420193088fd45a129b9b4bf4f2fd6ed865adfb474", kill_on_drop: false }`
[INFO] [stderr]    Compiling libc v0.2.139
[INFO] [stderr]    Compiling proc-macro2 v1.0.56
[INFO] [stderr]    Compiling quote v1.0.26
[INFO] [stderr]    Compiling unicode-ident v1.0.6
[INFO] [stderr]    Compiling syn v1.0.107
[INFO] [stderr]    Compiling typenum v1.16.0
[INFO] [stderr]    Compiling generic-array v0.14.6
[INFO] [stderr]    Compiling memchr v2.5.0
[INFO] [stderr]    Compiling log v0.4.17
[INFO] [stderr]    Compiling serde_derive v1.0.152
[INFO] [stderr]    Compiling num-traits v0.2.15
[INFO] [stderr]    Compiling serde v1.0.152
[INFO] [stderr]    Compiling futures-core v0.3.25
[INFO] [stderr]    Compiling num-integer v0.1.45
[INFO] [stderr]    Compiling lock_api v0.4.9
[INFO] [stderr]    Compiling serde_json v1.0.91
[INFO] [stderr]    Compiling parking_lot_core v0.9.5
[INFO] [stderr]    Compiling tokio v1.23.0
[INFO] [stderr]    Compiling slab v0.4.7
[INFO] [stderr]    Compiling ahash v0.7.6
[INFO] [stderr]    Compiling futures-task v0.3.25
[INFO] [stderr]     Checking once_cell v1.17.0
[INFO] [stderr]    Compiling futures-channel v0.3.25
[INFO] [stderr]    Compiling futures-util v0.3.25
[INFO] [stderr]    Compiling vcpkg v0.2.15
[INFO] [stderr]     Checking block-buffer v0.10.3
[INFO] [stderr]     Checking crypto-common v0.1.6
[INFO] [stderr]    Compiling async-trait v0.1.60
[INFO] [stderr]     Checking digest v0.10.6
[INFO] [stderr]    Compiling pkg-config v0.3.26
[INFO] [stderr]     Checking ppv-lite86 v0.2.17
[INFO] [stderr]     Checking getrandom v0.2.8
[INFO] [stderr]     Checking smallvec v1.10.0
[INFO] [stderr]     Checking rand_core v0.6.4
[INFO] [stderr]     Checking tinyvec v1.6.0
[INFO] [stderr]     Checking md-5 v0.10.5
[INFO] [stderr]     Checking rand_chacha v0.3.1
[INFO] [stderr]     Checking bytes v1.3.0
[INFO] [stderr]     Checking rand v0.8.5
[INFO] [stderr]    Compiling libsqlite3-sys v0.26.0
[INFO] [stderr]     Checking cpufeatures v0.2.5
[INFO] [stderr]     Checking itoa v1.0.5
[INFO] [stderr]     Checking iana-time-zone v0.1.53
[INFO] [stderr]     Checking ryu v1.0.12
[INFO] [stderr]     Checking futures-sink v0.3.25
[INFO] [stderr]     Checking unicode-bidi v0.3.8
[INFO] [stderr]    Compiling thiserror v1.0.38
[INFO] [stderr]     Checking sha2 v0.10.6
[INFO] [stderr]     Checking parking_lot v0.12.1
[INFO] [stderr]     Checking mio v0.8.5
[INFO] [stderr]     Checking unicode-normalization v0.1.22
[INFO] [stderr]     Checking socket2 v0.4.7
[INFO] [stderr]     Checking hmac v0.12.1
[INFO] [stderr]     Checking tracing-core v0.1.30
[INFO] [stderr]     Checking base64 v0.13.1
[INFO] [stderr]     Checking siphasher v0.3.10
[INFO] [stderr]     Checking geo-types v0.7.8
[INFO] [stderr]     Checking phf_shared v0.11.1
[INFO] [stderr]     Checking stringprep v0.1.2
[INFO] [stderr]     Checking postgres-protocol v0.6.4
[INFO] [stderr]     Checking hashbrown v0.12.3
[INFO] [stderr]     Checking phf v0.11.1
[INFO] [stderr]     Checking tracing v0.1.37
[INFO] [stderr]     Checking aho-corasick v0.7.20
[INFO] [stderr]     Checking regex-syntax v0.6.28
[INFO] [stderr]     Checking percent-encoding v2.2.0
[INFO] [stderr]     Checking hashlink v0.8.1
[INFO] [stderr]    Compiling atomic v0.5.1
[INFO] [stderr]     Checking bitflags v2.2.1
[INFO] [stderr]    Compiling subtle v2.4.1
[INFO] [stderr]     Checking fallible-streaming-iterator v0.1.9
[INFO] [stderr]     Checking fs2 v0.4.3
[INFO] [stderr]     Checking sqlparser v0.34.0
[INFO] [stderr]    Compiling tinyvec_macros v0.1.0
[INFO] [stderr]    Compiling pin-project-lite v0.2.9
[INFO] [stderr]     Checking sha1_smol v1.0.0
[INFO] [stderr]     Checking uuid v1.3.2
[INFO] [stderr]     Checking regex v1.7.0
[INFO] [stderr]    Compiling syn v2.0.15
[INFO] [stderr]     Checking tokio-util v0.7.4
[INFO] [stderr]    Compiling fallible-iterator v0.2.0
[INFO] [stderr]    Compiling futures-macro v0.3.25
[INFO] [stderr]    Compiling thiserror-impl v1.0.38
[INFO] [stderr]    Compiling pin-project-internal v1.0.12
[INFO] [stderr]    Compiling scopeguard v1.1.0
[INFO] [stderr]     Checking pin-project v1.0.12
[INFO] [stderr]    Compiling pin-utils v0.1.0
[INFO] [stderr]    Compiling hex v0.4.3
[INFO] [stderr]    Compiling butane v0.6.1 (/opt/rustwide/workdir/butane)
[INFO] [stderr]    Compiling io-lifetimes v1.0.4
[INFO] [stderr]    Compiling rustix v0.36.6
[INFO] [stderr]     Checking linux-raw-sys v0.1.4
[INFO] [stderr]    Compiling proc-macro2 v0.4.30
[INFO] [stderr]    Compiling syn v0.15.44
[INFO] [stderr]    Compiling quote v0.6.13
[INFO] [stderr]    Compiling paste v1.0.11
[INFO] [stderr]    Compiling darling_core v0.20.1
[INFO] [stderr]    Compiling strsim v0.7.0
[INFO] [stderr]     Checking is-terminal v0.4.2
[INFO] [stderr]     Checking env_logger v0.10.0
[INFO] [stderr]     Checking scheduled-thread-pool v0.2.6
[INFO] [stderr]     Checking chrono v0.4.23
[INFO] [stderr]     Checking rusqlite v0.29.0
[INFO] [stderr]     Checking postgres-types v0.2.4
[INFO] [stderr]     Checking tokio-postgres v0.7.7
[INFO] [stderr]     Checking unidecode v0.3.0
[INFO] [stderr]     Checking r2d2 v0.8.10
[INFO] [stderr]    Compiling anyhow v1.0.68
[INFO] [stderr]     Checking os_str_bytes v6.4.1
[INFO] [stderr]    Compiling darling_macro v0.20.1
[INFO] [stderr]     Checking clap_lex v0.3.2
[INFO] [stderr]    Compiling darling_core v0.9.0
[INFO] [stderr]     Checking either v1.8.1
[INFO] [stderr]     Checking predicates-core v1.0.5
[INFO] [stderr]    Compiling doc-comment v0.3.3
[INFO] [stderr]     Checking postgres v0.19.4
[INFO] [stderr]     Checking itertools v0.10.5
[INFO] [stderr]     Checking clap v4.1.6
[INFO] [stderr]     Checking butane_core v0.6.1 (/opt/rustwide/workdir/butane_core)
[INFO] [stderr]    Compiling darling v0.20.1
[INFO] [stderr]    Compiling dummy v0.5.0
[INFO] [stderr]     Checking rand v0.4.6
[INFO] [stderr]     Checking fake v2.6.0
[INFO] [stderr]     Checking regex-automata v0.1.10
[INFO] [stderr]     Checking butane_test_helper v0.6.1 (/opt/rustwide/workdir/butane_test_helper)
[INFO] [stderr]     Checking remove_dir_all v0.5.3
[INFO] [stderr]    Compiling example v0.1.0 (/opt/rustwide/workdir/example)
[INFO] [stderr]     Checking difflib v0.4.0
[INFO] [stderr]     Checking termtree v0.4.0
[INFO] [stderr]     Checking predicates v2.1.5
[INFO] [stderr]     Checking predicates-tree v1.0.7
[INFO] [stderr]    Compiling darling_macro v0.9.0
[INFO] [stderr]     Checking tempdir v0.3.7
[INFO] [stderr]     Checking bstr v1.3.0
[INFO] [stderr]     Checking wait-timeout v0.2.0
[INFO] [stderr]     Checking assert_cmd v2.0.8
[INFO] [stderr]    Compiling darling v0.9.0
[INFO] [stderr]    Compiling exec_time v0.1.4
[INFO] [stderr]    Compiling butane_codegen v0.6.1 (/opt/rustwide/workdir/butane_codegen)
[INFO] [stderr]     Checking getting_started v0.1.0 (/opt/rustwide/workdir/examples/getting_started)
[INFO] [stderr]     Checking butane_cli v0.6.1 (/opt/rustwide/workdir/butane_cli)
[INFO] [stdout] error: custom attribute panicked
[INFO] [stdout]  --> examples/getting_started/src/models.rs:4:1
[INFO] [stdout]   |
[INFO] [stdout] 4 | #[model]
[INFO] [stdout]   | ^^^^^^^^
[INFO] [stdout]   |
[INFO] [stdout]   = help: message: called `Result::unwrap()` on an `Err` value: IO(Os { code: 30, kind: ReadOnlyFilesystem, message: "Read-only file system" })
[INFO] [stdout] 
[INFO] [stdout] 
[INFO] [stdout] error: custom attribute panicked
[INFO] [stdout]  --> butane/tests/common/blog.rs:9:1
[INFO] [stdout]   |
[INFO] [stdout] 9 | #[model]
[INFO] [stdout]   | ^^^^^^^^
[INFO] [stdout]   |
[INFO] [stdout]   = help: message: called `Result::unwrap()` on an `Err` value: IO(Os { code: 30, kind: ReadOnlyFilesystem, message: "Read-only file system" })
[INFO] [stdout] 
[INFO] [stdout] 
[INFO] [stdout] error: custom attribute panicked
[INFO] [stdout]   --> butane/tests/common/blog.rs:26:1
[INFO] [stdout]    |
[INFO] [stdout] 26 | #[model]
[INFO] [stdout]    | ^^^^^^^^
[INFO] [stdout]    |
[INFO] [stdout]    = help: message: called `Result::unwrap()` on an `Err` value: IO(Os { code: 30, kind: ReadOnlyFilesystem, message: "Read-only file system" })
[INFO] [stdout] 
[INFO] [stdout] 
[INFO] [stdout] error: custom attribute panicked
[INFO] [stdout]   --> butane/tests/common/blog.rs:62:1
[INFO] [stdout]    |
[INFO] [stdout] 62 | #[model]
[INFO] [stdout]    | ^^^^^^^^
[INFO] [stdout]    |
[INFO] [stdout]    = help: message: called `Result::unwrap()` on an `Err` value: IO(Os { code: 30, kind: ReadOnlyFilesystem, message: "Read-only file system" })
[INFO] [stdout] 
[INFO] [stdout] 
[INFO] [stdout] error: custom attribute panicked
[INFO] [stdout]   --> examples/getting_started/src/models.rs:20:1
[INFO] [stdout]    |
[INFO] [stdout] 20 | #[model]
[INFO] [stdout]    | ^^^^^^^^
[INFO] [stdout]    |
[INFO] [stdout]    = help: message: called `Result::unwrap()` on an `Err` value: IO(Os { code: 30, kind: ReadOnlyFilesystem, message: "Read-only file system" })
[INFO] [stdout] 
[INFO] [stdout] 
[INFO] [stdout] error: custom attribute panicked
[INFO] [stdout]   --> examples/getting_started/src/models.rs:49:1
[INFO] [stdout]    |
[INFO] [stdout] 49 | #[model]
[INFO] [stdout]    | ^^^^^^^^
[INFO] [stdout]    |
[INFO] [stdout]    = help: message: called `Result::unwrap()` on an `Err` value: IO(Os { code: 30, kind: ReadOnlyFilesystem, message: "Read-only file system" })
[INFO] [stdout] 
[INFO] [stdout] 
[INFO] [stdout] error[E0432]: unresolved imports `models::Blog`, `models::Post`
[INFO] [stdout]  --> examples/getting_started/src/lib.rs:5:14
[INFO] [stdout]   |
[INFO] [stdout] 5 | use models::{Blog, Post};
[INFO] [stdout]   |              ^^^^  ^^^^ no `Post` in `models`
[INFO] [stdout]   |              |
[INFO] [stdout]   |              no `Blog` in `models`
[INFO] [stdout] 
[INFO] [stdout] 
[INFO] [stdout] error: custom attribute panicked
[INFO] [stdout]  --> butane/tests/nullable.rs:7:1
[INFO] [stdout]   |
[INFO] [stdout] 7 | #[model]
[INFO] [stdout]   | ^^^^^^^^
[INFO] [stdout]   |
[INFO] [stdout]   = help: message: called `Result::unwrap()` on an `Err` value: IO(Os { code: 30, kind: ReadOnlyFilesystem, message: "Read-only file system" })
[INFO] [stdout] 
[INFO] [stdout] 
[INFO] [stdout] error: custom attribute panicked
[INFO] [stdout]   --> butane/tests/json.rs:11:1
[INFO] [stdout]    |
[INFO] [stdout] 11 | #[model]
[INFO] [stdout]    | ^^^^^^^^
[INFO] [stdout]    |
[INFO] [stdout]    = help: message: called `Result::unwrap()` on an `Err` value: IO(Os { code: 30, kind: ReadOnlyFilesystem, message: "Read-only file system" })
[INFO] [stdout] 
[INFO] [stdout] 
[INFO] [stdout] error: proc-macro derive panicked
[INFO] [stdout]  --> butane/tests/custom_enum_derived.rs:9:39
[INFO] [stdout]   |
[INFO] [stdout] 9 | #[derive(PartialEq, Eq, Debug, Clone, FieldType)]
[INFO] [stdout]   |                                       ^^^^^^^^^
[INFO] [stdout]   |
[INFO] [stdout]   = help: message: called `Result::unwrap()` on an `Err` value: IO(Os { code: 30, kind: ReadOnlyFilesystem, message: "Read-only file system" })
[INFO] [stdout] 
[INFO] [stdout] 
[INFO] [stdout] error: custom attribute panicked
[INFO] [stdout]   --> butane/tests/custom_enum_derived.rs:16:1
[INFO] [stdout]    |
[INFO] [stdout] 16 | #[model]
[INFO] [stdout]    | ^^^^^^^^
[INFO] [stdout]    |
[INFO] [stdout]    = help: message: called `Result::unwrap()` on an `Err` value: IO(Os { code: 30, kind: ReadOnlyFilesystem, message: "Read-only file system" })
[INFO] [stdout] 
[INFO] [stdout] 
[INFO] [stdout] error: custom attribute panicked
[INFO] [stdout]   --> butane/tests/json.rs:76:1
[INFO] [stdout]    |
[INFO] [stdout] 76 | #[model]
[INFO] [stdout]    | ^^^^^^^^
[INFO] [stdout]    |
[INFO] [stdout]    = help: message: called `Result::unwrap()` on an `Err` value: IO(Os { code: 30, kind: ReadOnlyFilesystem, message: "Read-only file system" })
[INFO] [stdout] 
[INFO] [stdout] 
[INFO] [stdout] error: custom attribute panicked
[INFO] [stdout]    --> butane/tests/json.rs:121:1
[INFO] [stdout]     |
[INFO] [stdout] 121 | #[model]
[INFO] [stdout]     | ^^^^^^^^
[INFO] [stdout]     |
[INFO] [stdout]     = help: message: called `Result::unwrap()` on an `Err` value: IO(Os { code: 30, kind: ReadOnlyFilesystem, message: "Read-only file system" })
[INFO] [stdout] 
[INFO] [stdout] 
[INFO] [stdout] error[E0412]: cannot find type `Blog` in this scope
[INFO] [stdout]   --> examples/getting_started/src/models.rs:11:6
[INFO] [stdout]    |
[INFO] [stdout] 11 | impl Blog {
[INFO] [stdout]    |      ^^^^ not found in this scope
[INFO] [stdout] 
[INFO] [stdout] 
[INFO] [stdout] error[E0422]: cannot find struct, variant or union type `Blog` in this scope
[INFO] [stdout]   --> examples/getting_started/src/models.rs:13:9
[INFO] [stdout]    |
[INFO] [stdout] 13 |         Blog {
[INFO] [stdout]    |         ^^^^ not found in this scope
[INFO] [stdout] 
[INFO] [stdout] 
[INFO] [stdout] error[E0412]: cannot find type `Post` in this scope
[INFO] [stdout]   --> examples/getting_started/src/models.rs:33:6
[INFO] [stdout]    |
[INFO] [stdout] 33 | impl Post {
[INFO] [stdout]    |      ^^^^ not found in this scope
[INFO] [stdout] 
[INFO] [stdout] 
[INFO] [stdout] error[E0412]: cannot find type `Blog` in this scope
[INFO] [stdout]   --> examples/getting_started/src/models.rs:34:23
[INFO] [stdout]    |
[INFO] [stdout] 34 |     pub fn new(blog: &Blog, title: String, body: String) -> Self {
[INFO] [stdout]    |                       ^^^^ not found in this scope
[INFO] [stdout] 
[INFO] [stdout] 
[INFO] [stdout] error[E0422]: cannot find struct, variant or union type `Post` in this scope
[INFO] [stdout]   --> examples/getting_started/src/models.rs:35:9
[INFO] [stdout]    |
[INFO] [stdout] 35 |         Post {
[INFO] [stdout]    |         ^^^^ not found in this scope
[INFO] [stdout] 
[INFO] [stdout] 
[INFO] [stdout] error[E0412]: cannot find type `Tag` in this scope
[INFO] [stdout]   --> examples/getting_started/src/models.rs:55:6
[INFO] [stdout]    |
[INFO] [stdout] 55 | impl Tag {
[INFO] [stdout]    |      ^^^ not found in this scope
[INFO] [stdout] 
[INFO] [stdout] 
[INFO] [stdout] error[E0422]: cannot find struct, variant or union type `Tag` in this scope
[INFO] [stdout]   --> examples/getting_started/src/models.rs:57:9
[INFO] [stdout]    |
[INFO] [stdout] 57 |         Tag {
[INFO] [stdout]    |         ^^^ not found in this scope
[INFO] [stdout] 
[INFO] [stdout] 
[INFO] [stdout] warning: unused import: `butane::prelude::*`
[INFO] [stdout]  --> examples/getting_started/src/models.rs:1:5
[INFO] [stdout]   |
[INFO] [stdout] 1 | use butane::prelude::*;
[INFO] [stdout]   |     ^^^^^^^^^^^^^^^^^^
[INFO] [stdout]   |
[INFO] [stdout]   = note: `#[warn(unused_imports)]` on by default
[INFO] [stdout] 
[INFO] [stdout] 
[INFO] [stdout] warning: unused import: `ForeignKey`
[INFO] [stdout]  --> examples/getting_started/src/models.rs:2:21
[INFO] [stdout]   |
[INFO] [stdout] 2 | use butane::{model, ForeignKey, Many, ObjectState};
[INFO] [stdout]   |                     ^^^^^^^^^^
[INFO] [stdout] 
[INFO] [stdout] 
[INFO] [stdout] error: proc-macro derive panicked
[INFO] [stdout]    --> butane/tests/json.rs:160:39
[INFO] [stdout]     |
[INFO] [stdout] 160 | #[derive(PartialEq, Eq, Debug, Clone, FieldType, Serialize, Deserialize)]
[INFO] [stdout]     |                                       ^^^^^^^^^
[INFO] [stdout]     |
[INFO] [stdout]     = help: message: called `Result::unwrap()` on an `Err` value: IO(Os { code: 30, kind: ReadOnlyFilesystem, message: "Read-only file system" })
[INFO] [stdout] 
[INFO] [stdout] 
[INFO] [stdout] error: custom attribute panicked
[INFO] [stdout]    --> butane/tests/json.rs:171:1
[INFO] [stdout]     |
[INFO] [stdout] 171 | #[model]
[INFO] [stdout]     | ^^^^^^^^
[INFO] [stdout]     |
[INFO] [stdout]     = help: message: called `Result::unwrap()` on an `Err` value: IO(Os { code: 30, kind: ReadOnlyFilesystem, message: "Read-only file system" })
[INFO] [stdout] 
[INFO] [stdout] 
[INFO] [stdout] error[E0432]: unresolved imports `common::blog::Blog`, `common::blog::Post`, `common::blog::Tag`
[INFO] [stdout]   --> butane/tests/query.rs:11:20
[INFO] [stdout]    |
[INFO] [stdout] 11 | use common::blog::{Blog, Post, PostMetadata, Tag};
[INFO] [stdout]    |                    ^^^^  ^^^^                ^^^ no `Tag` in `common::blog`
[INFO] [stdout]    |                    |     |
[INFO] [stdout]    |                    |     no `Post` in `common::blog`
[INFO] [stdout]    |                    no `Blog` in `common::blog`
[INFO] [stdout]    |
[INFO] [stdout]    = help: consider importing one of these items instead:
[INFO] [stdout]            serde::__private::de::TagContentOtherField::Tag
[INFO] [stdout]            serde::__private::de::TagOrContentField::Tag
[INFO] [stdout] 
[INFO] [stdout] 
[INFO] [stdout] warning: unused import: `butane::prelude`
[INFO] [stdout]  --> examples/getting_started/src/lib.rs:4:5
[INFO] [stdout]   |
[INFO] [stdout] 4 | use butane::prelude::*;
[INFO] [stdout]   |     ^^^^^^^^^^^^^^^
[INFO] [stdout] 
[INFO] [stdout] 
[INFO] [stdout] error: aborting due to 11 previous errors; 3 warnings emitted
[INFO] [stdout] 
[INFO] [stdout] 
[INFO] [stdout] Some errors have detailed explanations: E0412, E0422, E0432.
[INFO] [stdout] 
[INFO] [stdout] For more information about an error, try `rustc --explain E0412`.
[INFO] [stdout] 
[INFO] [stderr] error: could not compile `getting_started` (lib) due to 12 previous errors; 3 warnings emitted
[INFO] [stderr] warning: build failed, waiting for other jobs to finish...
[INFO] [stdout] error[E0412]: cannot find type `HasCustomField2` in this scope
[INFO] [stdout]   --> butane/tests/custom_enum_derived.rs:22:6
[INFO] [stdout]    |
[INFO] [stdout] 22 | impl HasCustomField2 {
[INFO] [stdout]    |      ^^^^^^^^^^^^^^^ not found in this scope
[INFO] [stdout] 
[INFO] [stdout] 
[INFO] [stdout] error[E0422]: cannot find struct, variant or union type `HasCustomField2` in this scope
[INFO] [stdout]   --> butane/tests/custom_enum_derived.rs:24:9
[INFO] [stdout]    |
[INFO] [stdout] 24 |         HasCustomField2 {
[INFO] [stdout]    |         ^^^^^^^^^^^^^^^ not found in this scope
[INFO] [stdout] 
[INFO] [stdout] 
[INFO] [stdout] error[E0412]: cannot find type `HasCustomField2` in this scope
[INFO] [stdout]   --> butane/tests/custom_enum_derived.rs:51:26
[INFO] [stdout]    |
[INFO] [stdout] 51 |     let results = query!(HasCustomField2, frob == { Whatsit::Bar })
[INFO] [stdout]    |                          ^^^^^^^^^^^^^^^ not found in this scope
[INFO] [stdout] 
[INFO] [stdout] 
[INFO] [stdout] error[E0412]: cannot find type `WithNullable` in this scope
[INFO] [stdout]   --> butane/tests/nullable.rs:13:6
[INFO] [stdout]    |
[INFO] [stdout] 13 | impl WithNullable {
[INFO] [stdout]    |      ^^^^^^^^^^^^ not found in this scope
[INFO] [stdout] 
[INFO] [stdout] 
[INFO] [stdout] error[E0422]: cannot find struct, variant or union type `WithNullable` in this scope
[INFO] [stdout]   --> butane/tests/nullable.rs:15:9
[INFO] [stdout]    |
[INFO] [stdout] 15 |         WithNullable {
[INFO] [stdout]    |         ^^^^^^^^^^^^ not found in this scope
[INFO] [stdout] 
[INFO] [stdout] 
[INFO] [stdout] error[E0412]: cannot find type `WithNullable` in this scope
[INFO] [stdout]   --> butane/tests/nullable.rs:55:27
[INFO] [stdout]    |
[INFO] [stdout] 55 |     let mut objs = query!(WithNullable, foo > 42).load(&conn).unwrap();
[INFO] [stdout]    |                           ^^^^^^^^^^^^ not found in this scope
[INFO] [stdout] 
[INFO] [stdout] 
[INFO] [stdout] error[E0412]: cannot find type `WithNullable` in this scope
[INFO] [stdout]   --> butane/tests/nullable.rs:71:23
[INFO] [stdout]    |
[INFO] [stdout] 71 |     let objs = query!(WithNullable, foo == None).load(&conn).unwrap();
[INFO] [stdout]    |                       ^^^^^^^^^^^^ not found in this scope
[INFO] [stdout] 
[INFO] [stdout] 
[INFO] [stdout] error[E0433]: failed to resolve: use of undeclared type `WithNullable`
[INFO] [stdout]   --> butane/tests/nullable.rs:24:25
[INFO] [stdout]    |
[INFO] [stdout] 24 |     let mut with_none = WithNullable::new(1);
[INFO] [stdout]    |                         ^^^^^^^^^^^^ use of undeclared type `WithNullable`
[INFO] [stdout] 
[INFO] [stdout] 
[INFO] [stdout] error[E0412]: cannot find type `Blog` in this scope
[INFO] [stdout]   --> butane/tests/common/blog.rs:16:6
[INFO] [stdout]    |
[INFO] [stdout] 16 | impl Blog {
[INFO] [stdout]    |      ^^^^ not found in this scope
[INFO] [stdout] 
[INFO] [stdout] 
[INFO] [stdout] error[E0422]: cannot find struct, variant or union type `Blog` in this scope
[INFO] [stdout]   --> butane/tests/common/blog.rs:18:9
[INFO] [stdout]    |
[INFO] [stdout] 18 |         Blog {
[INFO] [stdout]    |         ^^^^ not found in this scope
[INFO] [stdout] 
[INFO] [stdout] 
[INFO] [stdout] error[E0412]: cannot find type `Post` in this scope
[INFO] [stdout]   --> butane/tests/common/blog.rs:39:6
[INFO] [stdout]    |
[INFO] [stdout] 39 | impl Post {
[INFO] [stdout]    |      ^^^^ not found in this scope
[INFO] [stdout] 
[INFO] [stdout] 
[INFO] [stdout] error[E0412]: cannot find type `Blog` in this scope
[INFO] [stdout]   --> butane/tests/common/blog.rs:40:57
[INFO] [stdout]    |
[INFO] [stdout] 40 |     pub fn new(id: i64, title: &str, body: &str, blog: &Blog) -> Self {
[INFO] [stdout]    |                                                         ^^^^ not found in this scope
[INFO] [stdout] 
[INFO] [stdout] 
[INFO] [stdout] error[E0422]: cannot find struct, variant or union type `Post` in this scope
[INFO] [stdout]   --> butane/tests/common/blog.rs:41:9
[INFO] [stdout]    |
[INFO] [stdout] 41 |         Post {
[INFO] [stdout]    |         ^^^^ not found in this scope
[INFO] [stdout] 
[INFO] [stdout] 
[INFO] [stdout] error[E0412]: cannot find type `Post` in this scope
[INFO] [stdout]   --> butane/tests/common/blog.rs:55:14
[INFO] [stdout]    |
[INFO] [stdout] 55 | #[dataresult(Post)]
[INFO] [stdout]    |              ^^^^ not found in this scope
[INFO] [stdout] 
[INFO] [stdout] 
[INFO] [stdout] error[E0412]: cannot find type `Tag` in this scope
[INFO] [stdout]   --> butane/tests/common/blog.rs:70:6
[INFO] [stdout]    |
[INFO] [stdout] 70 | impl Tag {
[INFO] [stdout]    |      ^^^ not found in this scope
[INFO] [stdout]    |
[INFO] [stdout] help: there is an enum variant `serde::__private::de::TagContentOtherField::Tag` and 1 other; try using the variant's enum
[INFO] [stdout]    |
[INFO] [stdout] 70 | impl serde::__private::de::TagContentOtherField {
[INFO] [stdout]    |      ~~~~~~~~~~~~~~~~~~~~~~~~~~~~~~~~~~~~~~~~~~
[INFO] [stdout] 70 | impl serde::__private::de::TagOrContentField {
[INFO] [stdout]    |      ~~~~~~~~~~~~~~~~~~~~~~~~~~~~~~~~~~~~~~~
[INFO] [stdout] 
[INFO] [stdout] 
[INFO] [stdout] error[E0422]: cannot find struct, variant or union type `Tag` in this scope
[INFO] [stdout]   --> butane/tests/common/blog.rs:72:9
[INFO] [stdout]    |
[INFO] [stdout] 72 |         Tag {
[INFO] [stdout]    |         ^^^ not found in this scope
[INFO] [stdout]    |
[INFO] [stdout] help: consider importing one of these items
[INFO] [stdout]    |
[INFO] [stdout] 1  + use serde::__private::de::TagContentOtherField::Tag;
[INFO] [stdout]    |
[INFO] [stdout] 1  + use serde::__private::de::TagOrContentField::Tag;
[INFO] [stdout]    |
[INFO] [stdout] 
[INFO] [stdout] 
[INFO] [stdout] error[E0412]: cannot find type `Tag` in this scope
[INFO] [stdout]   --> butane/tests/common/blog.rs:79:53
[INFO] [stdout]    |
[INFO] [stdout] 79 | pub fn create_tag(conn: &Connection, name: &str) -> Tag {
[INFO] [stdout]    |                                                     ^^^ not found in this scope
[INFO] [stdout]    |
[INFO] [stdout] help: there is an enum variant `serde::__private::de::TagContentOtherField::Tag` and 1 other; try using the variant's enum
[INFO] [stdout]    |
[INFO] [stdout] 79 | pub fn create_tag(conn: &Connection, name: &str) -> serde::__private::de::TagContentOtherField {
[INFO] [stdout]    |                                                     ~~~~~~~~~~~~~~~~~~~~~~~~~~~~~~~~~~~~~~~~~~
[INFO] [stdout] 79 | pub fn create_tag(conn: &Connection, name: &str) -> serde::__private::de::TagOrContentField {
[INFO] [stdout]    |                                                     ~~~~~~~~~~~~~~~~~~~~~~~~~~~~~~~~~~~~~~~
[INFO] [stdout] 
[INFO] [stdout] 
[INFO] [stdout] error[E0433]: failed to resolve: use of undeclared type `WithNullable`
[INFO] [stdout]   --> butane/tests/nullable.rs:27:25
[INFO] [stdout]    |
[INFO] [stdout] 27 |     let mut with_some = WithNullable::new(2);
[INFO] [stdout]    |                         ^^^^^^^^^^^^ use of undeclared type `WithNullable`
[INFO] [stdout] 
[INFO] [stdout] 
[INFO] [stdout] error[E0433]: failed to resolve: use of undeclared type `HasCustomField2`
[INFO] [stdout]   --> butane/tests/custom_enum_derived.rs:34:19
[INFO] [stdout]    |
[INFO] [stdout] 34 |     let mut obj = HasCustomField2::new(1, Whatsit::Foo);
[INFO] [stdout]    |                   ^^^^^^^^^^^^^^^ use of undeclared type `HasCustomField2`
[INFO] [stdout] 
[INFO] [stdout] 
[INFO] [stdout] error[E0433]: failed to resolve: use of undeclared type `HasCustomField2`
[INFO] [stdout]   --> butane/tests/custom_enum_derived.rs:38:16
[INFO] [stdout]    |
[INFO] [stdout] 38 |     let obj2 = HasCustomField2::get(&conn, 1).unwrap();
[INFO] [stdout]    |                ^^^^^^^^^^^^^^^ use of undeclared type `HasCustomField2`
[INFO] [stdout] 
[INFO] [stdout] 
[INFO] [stdout] error[E0433]: failed to resolve: use of undeclared type `WithNullable`
[INFO] [stdout]   --> butane/tests/nullable.rs:31:15
[INFO] [stdout]    |
[INFO] [stdout] 31 |     let obj = WithNullable::get(&conn, 1).unwrap();
[INFO] [stdout]    |               ^^^^^^^^^^^^ use of undeclared type `WithNullable`
[INFO] [stdout] 
[INFO] [stdout] 
[INFO] [stdout] error[E0433]: failed to resolve: use of undeclared type `WithNullable`
[INFO] [stdout]   --> butane/tests/nullable.rs:34:15
[INFO] [stdout]    |
[INFO] [stdout] 34 |     let obj = WithNullable::get(&conn, 2).unwrap();
[INFO] [stdout]    |               ^^^^^^^^^^^^ use of undeclared type `WithNullable`
[INFO] [stdout] 
[INFO] [stdout] 
[INFO] [stdout] error[E0433]: failed to resolve: use of undeclared type `WithNullable`
[INFO] [stdout]   --> butane/tests/nullable.rs:40:19
[INFO] [stdout]    |
[INFO] [stdout] 40 |     let mut obj = WithNullable::new(1);
[INFO] [stdout]    |                   ^^^^^^^^^^^^ use of undeclared type `WithNullable`
[INFO] [stdout] 
[INFO] [stdout] 
[INFO] [stdout] error[E0433]: failed to resolve: use of undeclared type `WithNullable`
[INFO] [stdout]   --> butane/tests/nullable.rs:43:19
[INFO] [stdout]    |
[INFO] [stdout] 43 |     let mut obj = WithNullable::new(2);
[INFO] [stdout]    |                   ^^^^^^^^^^^^ use of undeclared type `WithNullable`
[INFO] [stdout] 
[INFO] [stdout] 
[INFO] [stdout] error[E0433]: failed to resolve: use of undeclared type `WithNullable`
[INFO] [stdout]   --> butane/tests/nullable.rs:47:19
[INFO] [stdout]    |
[INFO] [stdout] 47 |     let mut obj = WithNullable::new(3);
[INFO] [stdout]    |                   ^^^^^^^^^^^^ use of undeclared type `WithNullable`
[INFO] [stdout] 
[INFO] [stdout] 
[INFO] [stdout] error[E0433]: failed to resolve: use of undeclared type `WithNullable`
[INFO] [stdout]   --> butane/tests/nullable.rs:51:19
[INFO] [stdout]    |
[INFO] [stdout] 51 |     let mut obj = WithNullable::new(4);
[INFO] [stdout]    |                   ^^^^^^^^^^^^ use of undeclared type `WithNullable`
[INFO] [stdout] 
[INFO] [stdout] 
[INFO] [stdout] error[E0433]: failed to resolve: use of undeclared type `HasCustomField2`
[INFO] [stdout]   --> butane/tests/custom_enum_derived.rs:45:23
[INFO] [stdout]    |
[INFO] [stdout] 45 |     let mut obj_foo = HasCustomField2::new(1, Whatsit::Foo);
[INFO] [stdout]    |                       ^^^^^^^^^^^^^^^ use of undeclared type `HasCustomField2`
[INFO] [stdout] 
[INFO] [stdout] 
[INFO] [stdout] error[E0433]: failed to resolve: use of undeclared type `HasCustomField2`
[INFO] [stdout]   --> butane/tests/custom_enum_derived.rs:47:23
[INFO] [stdout]    |
[INFO] [stdout] 47 |     let mut obj_bar = HasCustomField2::new(2, Whatsit::Bar);
[INFO] [stdout]    |                       ^^^^^^^^^^^^^^^ use of undeclared type `HasCustomField2`
[INFO] [stdout] 
[INFO] [stdout] 
[INFO] [stdout] error[E0433]: failed to resolve: use of undeclared type `WithNullable`
[INFO] [stdout]   --> butane/tests/nullable.rs:64:19
[INFO] [stdout]    |
[INFO] [stdout] 64 |     let mut obj = WithNullable::new(1);
[INFO] [stdout]    |                   ^^^^^^^^^^^^ use of undeclared type `WithNullable`
[INFO] [stdout] 
[INFO] [stdout] 
[INFO] [stdout] error[E0433]: failed to resolve: use of undeclared type `WithNullable`
[INFO] [stdout]   --> butane/tests/nullable.rs:67:19
[INFO] [stdout]    |
[INFO] [stdout] 67 |     let mut obj = WithNullable::new(2);
[INFO] [stdout]    |                   ^^^^^^^^^^^^ use of undeclared type `WithNullable`
[INFO] [stdout] 
[INFO] [stdout] 
[INFO] [stdout] warning: unused import: `butane::prelude`
[INFO] [stdout]  --> butane/tests/nullable.rs:2:5
[INFO] [stdout]   |
[INFO] [stdout] 2 | use butane::prelude::*;
[INFO] [stdout]   |     ^^^^^^^^^^^^^^^
[INFO] [stdout]   |
[INFO] [stdout]   = note: `#[warn(unused_imports)]` on by default
[INFO] [stdout] 
[INFO] [stdout] 
[INFO] [stdout] error: aborting due to 15 previous errors; 1 warning emitted
[INFO] [stdout] 
[INFO] [stdout] 
[INFO] [stdout] Some errors have detailed explanations: E0412, E0422, E0433.
[INFO] [stdout] 
[INFO] [stdout] error[E0412]: cannot find type `FooJJ` in this scope
[INFO] [stdout]   --> butane/tests/json.rs:18:6
[INFO] [stdout]    |
[INFO] [stdout] 18 | impl FooJJ {
[INFO] [stdout]    |      ^^^^^ not found in this scope
[INFO] [stdout] 
[INFO] [stdout] 
[INFO] [stdout] error[E0422]: cannot find struct, variant or union type `FooJJ` in this scope
[INFO] [stdout]   --> butane/tests/json.rs:20:9
[INFO] [stdout]    |
[INFO] [stdout] 20 |         FooJJ {
[INFO] [stdout]    |         ^^^^^ not found in this scope
[INFO] [stdout] 
[INFO] [stdout] 
[INFO] [stdout] error[E0412]: cannot find type `FooHH` in this scope
[INFO] [stdout]   --> butane/tests/json.rs:83:6
[INFO] [stdout]    |
[INFO] [stdout] 83 | impl FooHH {
[INFO] [stdout]    |      ^^^^^ not found in this scope
[INFO] [stdout] 
[INFO] [stdout] 
[INFO] [stdout] error[E0422]: cannot find struct, variant or union type `FooHH` in this scope
[INFO] [stdout]   --> butane/tests/json.rs:85:9
[INFO] [stdout]    |
[INFO] [stdout] 85 |         FooHH {
[INFO] [stdout]    |         ^^^^^ not found in this scope
[INFO] [stdout] 
[INFO] [stdout] 
[INFO] [stdout] error[E0412]: cannot find type `FooHHO` in this scope
[INFO] [stdout]    --> butane/tests/json.rs:128:6
[INFO] [stdout]     |
[INFO] [stdout] 128 | impl FooHHO {
[INFO] [stdout]     |      ^^^^^^ not found in this scope
[INFO] [stdout] 
[INFO] [stdout] 
[INFO] [stdout] error[E0422]: cannot find struct, variant or union type `FooHHO` in this scope
[INFO] [stdout]    --> butane/tests/json.rs:130:9
[INFO] [stdout]     |
[INFO] [stdout] 130 |         FooHHO {
[INFO] [stdout]     |         ^^^^^^ not found in this scope
[INFO] [stdout] 
[INFO] [stdout] 
[INFO] [stdout] error[E0412]: cannot find type `OuterFoo` in this scope
[INFO] [stdout]    --> butane/tests/json.rs:178:6
[INFO] [stdout]     |
[INFO] [stdout] 178 | impl OuterFoo {
[INFO] [stdout]     |      ^^^^^^^^ not found in this scope
[INFO] [stdout] 
[INFO] [stdout] 
[INFO] [stdout] error[E0422]: cannot find struct, variant or union type `OuterFoo` in this scope
[INFO] [stdout]    --> butane/tests/json.rs:180:9
[INFO] [stdout]     |
[INFO] [stdout] 180 |         OuterFoo {
[INFO] [stdout]     |         ^^^^^^^^ not found in this scope
[INFO] [stdout] 
[INFO] [stdout] 
[INFO] [stdout] error[E0433]: failed to resolve: use of undeclared type `Tag`
[INFO] [stdout]   --> butane/tests/common/blog.rs:80:19
[INFO] [stdout]    |
[INFO] [stdout] 80 |     let mut tag = Tag::new(name);
[INFO] [stdout]    |                   ^^^ use of undeclared type `Tag`
[INFO] [stdout]    |
[INFO] [stdout] help: there is an enum variant `serde::__private::de::TagContentOtherField::Tag` and 1 other; try using the variant's enum
[INFO] [stdout]    |
[INFO] [stdout] 80 |     let mut tag = serde::__private::de::TagContentOtherField(name);
[INFO] [stdout]    |                   ~~~~~~~~~~~~~~~~~~~~~~~~~~~~~~~~~~~~~~~~~~
[INFO] [stdout] 80 |     let mut tag = serde::__private::de::TagOrContentField(name);
[INFO] [stdout]    |                   ~~~~~~~~~~~~~~~~~~~~~~~~~~~~~~~~~~~~~~~
[INFO] [stdout] 
[INFO] [stdout] 
[INFO] [stdout] error[E0433]: failed to resolve: use of undeclared type `Blog`
[INFO] [stdout]   --> butane/tests/common/blog.rs:90:25
[INFO] [stdout]    |
[INFO] [stdout] 90 |     let mut cats_blog = Blog::new(1, "Cats");
[INFO] [stdout]    |                         ^^^^ use of undeclared type `Blog`
[INFO] [stdout] 
[INFO] [stdout] 
[INFO] [stdout] error[E0433]: failed to resolve: use of undeclared type `Blog`
[INFO] [stdout]   --> butane/tests/common/blog.rs:92:30
[INFO] [stdout]    |
[INFO] [stdout] 92 |     let mut mountains_blog = Blog::new(2, "Mountains");
[INFO] [stdout]    |                              ^^^^ use of undeclared type `Blog`
[INFO] [stdout] 
[INFO] [stdout] 
[INFO] [stdout] error[E0433]: failed to resolve: use of undeclared type `Post`
[INFO] [stdout]   --> butane/tests/common/blog.rs:98:20
[INFO] [stdout]    |
[INFO] [stdout] 98 |     let mut post = Post::new(
[INFO] [stdout]    |                    ^^^^ use of undeclared type `Post`
[INFO] [stdout] 
[INFO] [stdout] 
[INFO] [stdout] error[E0433]: failed to resolve: use of undeclared type `Post`
[INFO] [stdout]    --> butane/tests/common/blog.rs:111:20
[INFO] [stdout]     |
[INFO] [stdout] 111 |     let mut post = Post::new(
[INFO] [stdout]     |                    ^^^^ use of undeclared type `Post`
[INFO] [stdout] 
[INFO] [stdout] 
[INFO] [stdout] error[E0433]: failed to resolve: use of undeclared type `Post`
[INFO] [stdout]    --> butane/tests/common/blog.rs:121:20
[INFO] [stdout]     |
[INFO] [stdout] 121 |     let mut post = Post::new(
[INFO] [stdout]     |                    ^^^^ use of undeclared type `Post`
[INFO] [stdout] 
[INFO] [stdout] 
[INFO] [stdout] error[E0433]: failed to resolve: use of undeclared type `Post`
[INFO] [stdout]    --> butane/tests/common/blog.rs:132:20
[INFO] [stdout]     |
[INFO] [stdout] 132 |     let mut post = Post::new(
[INFO] [stdout]     |                    ^^^^ use of undeclared type `Post`
[INFO] [stdout] 
[INFO] [stdout] 
[INFO] [stdout] For more information about an error, try `rustc --explain E0412`.
[INFO] [stdout] 
[INFO] [stderr] error: could not compile `butane` (test "nullable") due to 16 previous errors; 1 warning emitted
[INFO] [stdout] error[E0599]: no method named `to_sql` found for enum `Whatsit` in the current scope
[INFO] [stdout]   --> butane/tests/custom_enum_derived.rs:61:62
[INFO] [stdout]    |
[INFO] [stdout] 10 | enum Whatsit {
[INFO] [stdout]    | ------------ method `to_sql` not found for this enum
[INFO] [stdout] ...
[INFO] [stdout] 61 |     assert_eq!(SqlVal::Text("Foo".to_string()), Whatsit::Foo.to_sql());
[INFO] [stdout]    |                                                              ^^^^^^ method not found in `Whatsit`
[INFO] [stdout]    |
[INFO] [stdout]    = help: items from traits can only be used if the trait is implemented and in scope
[INFO] [stdout]    = note: the following traits define an item `to_sql`, perhaps you need to implement one of them:
[INFO] [stdout]            candidate #1: `ToSql`
[INFO] [stdout]            candidate #2: `postgres_types::ToSql`
[INFO] [stdout]            candidate #3: `rusqlite::types::to_sql::ToSql`
[INFO] [stdout] 
[INFO] [stdout] 
[INFO] [stdout] error[E0599]: no method named `to_sql` found for enum `Whatsit` in the current scope
[INFO] [stdout]   --> butane/tests/custom_enum_derived.rs:62:62
[INFO] [stdout]    |
[INFO] [stdout] 10 | enum Whatsit {
[INFO] [stdout]    | ------------ method `to_sql` not found for this enum
[INFO] [stdout] ...
[INFO] [stdout] 62 |     assert_eq!(SqlVal::Text("Bar".to_string()), Whatsit::Bar.to_sql());
[INFO] [stdout]    |                                                              ^^^^^^ method not found in `Whatsit`
[INFO] [stdout]    |
[INFO] [stdout]    = help: items from traits can only be used if the trait is implemented and in scope
[INFO] [stdout]    = note: the following traits define an item `to_sql`, perhaps you need to implement one of them:
[INFO] [stdout]            candidate #1: `ToSql`
[INFO] [stdout]            candidate #2: `postgres_types::ToSql`
[INFO] [stdout]            candidate #3: `rusqlite::types::to_sql::ToSql`
[INFO] [stdout] 
[INFO] [stdout] 
[INFO] [stdout] error[E0599]: no method named `to_sql` found for enum `Whatsit` in the current scope
[INFO] [stdout]   --> butane/tests/custom_enum_derived.rs:63:62
[INFO] [stdout]    |
[INFO] [stdout] 10 | enum Whatsit {
[INFO] [stdout]    | ------------ method `to_sql` not found for this enum
[INFO] [stdout] ...
[INFO] [stdout] 63 |     assert_eq!(SqlVal::Text("Baz".to_string()), Whatsit::Baz.to_sql());
[INFO] [stdout]    |                                                              ^^^^^^ method not found in `Whatsit`
[INFO] [stdout]    |
[INFO] [stdout]    = help: items from traits can only be used if the trait is implemented and in scope
[INFO] [stdout]    = note: the following traits define an item `to_sql`, perhaps you need to implement one of them:
[INFO] [stdout]            candidate #1: `ToSql`
[INFO] [stdout]            candidate #2: `postgres_types::ToSql`
[INFO] [stdout]            candidate #3: `rusqlite::types::to_sql::ToSql`
[INFO] [stdout] 
[INFO] [stdout] 
[INFO] [stdout] error[E0433]: failed to resolve: use of undeclared type `FooJJ`
[INFO] [stdout]   --> butane/tests/json.rs:32:19
[INFO] [stdout]    |
[INFO] [stdout] 32 |     let mut foo = FooJJ::new(id);
[INFO] [stdout]    |                   ^^^^^ use of undeclared type `FooJJ`
[INFO] [stdout] 
[INFO] [stdout] 
[INFO] [stdout] error[E0433]: failed to resolve: use of undeclared type `FooJJ`
[INFO] [stdout]   --> butane/tests/json.rs:36:20
[INFO] [stdout]    |
[INFO] [stdout] 36 |     let mut foo2 = FooJJ::get(&conn, id).unwrap();
[INFO] [stdout]    |                    ^^^^^ use of undeclared type `FooJJ`
[INFO] [stdout] 
[INFO] [stdout] 
[INFO] [stdout] error[E0433]: failed to resolve: use of undeclared type `FooJJ`
[INFO] [stdout]   --> butane/tests/json.rs:42:16
[INFO] [stdout]    |
[INFO] [stdout] 42 |     let foo3 = FooJJ::get(&conn, id).unwrap();
[INFO] [stdout]    |                ^^^^^ use of undeclared type `FooJJ`
[INFO] [stdout] 
[INFO] [stdout] 
[INFO] [stdout] error[E0433]: failed to resolve: use of undeclared type `FooJJ`
[INFO] [stdout]   --> butane/tests/json.rs:50:19
[INFO] [stdout]    |
[INFO] [stdout] 50 |     let mut foo = FooJJ::new(id);
[INFO] [stdout]    |                   ^^^^^ use of undeclared type `FooJJ`
[INFO] [stdout] 
[INFO] [stdout] 
[INFO] [stdout] error[E0433]: failed to resolve: use of undeclared type `FooJJ`
[INFO] [stdout]   --> butane/tests/json.rs:65:20
[INFO] [stdout]    |
[INFO] [stdout] 65 |     let mut foo2 = FooJJ::get(&conn, id).unwrap();
[INFO] [stdout]    |                    ^^^^^ use of undeclared type `FooJJ`
[INFO] [stdout] 
[INFO] [stdout] 
[INFO] [stdout] error[E0433]: failed to resolve: use of undeclared type `FooJJ`
[INFO] [stdout]   --> butane/tests/json.rs:71:16
[INFO] [stdout]    |
[INFO] [stdout] 71 |     let foo3 = FooJJ::get(&conn, id).unwrap();
[INFO] [stdout]    |                ^^^^^ use of undeclared type `FooJJ`
[INFO] [stdout] 
[INFO] [stdout] 
[INFO] [stdout] error[E0599]: no variant or associated item named `from_sql` found for enum `Whatsit` in the current scope
[INFO] [stdout]   --> butane/tests/custom_enum_derived.rs:70:18
[INFO] [stdout]    |
[INFO] [stdout] 10 | enum Whatsit {
[INFO] [stdout]    | ------------ variant or associated item `from_sql` not found for this enum
[INFO] [stdout] ...
[INFO] [stdout] 70 |         Whatsit::from_sql(SqlVal::Text("Foo".to_string())).unwrap()
[INFO] [stdout]    |                  ^^^^^^^^ variant or associated item not found in `Whatsit`
[INFO] [stdout]    |
[INFO] [stdout]    = help: items from traits can only be used if the trait is implemented and in scope
[INFO] [stdout]    = note: the following traits define an item `from_sql`, perhaps you need to implement one of them:
[INFO] [stdout]            candidate #1: `FromSql`
[INFO] [stdout]            candidate #2: `postgres_types::FromSql`
[INFO] [stdout] 
[INFO] [stdout] 
[INFO] [stdout] error[E0599]: no variant or associated item named `from_sql` found for enum `Whatsit` in the current scope
[INFO] [stdout]   --> butane/tests/custom_enum_derived.rs:74:18
[INFO] [stdout]    |
[INFO] [stdout] 10 | enum Whatsit {
[INFO] [stdout]    | ------------ variant or associated item `from_sql` not found for this enum
[INFO] [stdout] ...
[INFO] [stdout] 74 |         Whatsit::from_sql(SqlVal::Text("Bar".to_string())).unwrap()
[INFO] [stdout]    |                  ^^^^^^^^ variant or associated item not found in `Whatsit`
[INFO] [stdout]    |
[INFO] [stdout]    = help: items from traits can only be used if the trait is implemented and in scope
[INFO] [stdout]    = note: the following traits define an item `from_sql`, perhaps you need to implement one of them:
[INFO] [stdout]            candidate #1: `FromSql`
[INFO] [stdout]            candidate #2: `postgres_types::FromSql`
[INFO] [stdout] 
[INFO] [stdout] 
[INFO] [stdout] error[E0599]: no variant or associated item named `from_sql` found for enum `Whatsit` in the current scope
[INFO] [stdout]   --> butane/tests/custom_enum_derived.rs:78:18
[INFO] [stdout]    |
[INFO] [stdout] 10 | enum Whatsit {
[INFO] [stdout]    | ------------ variant or associated item `from_sql` not found for this enum
[INFO] [stdout] ...
[INFO] [stdout] 78 |         Whatsit::from_sql(SqlVal::Text("Baz".to_string())).unwrap()
[INFO] [stdout]    |                  ^^^^^^^^ variant or associated item not found in `Whatsit`
[INFO] [stdout]    |
[INFO] [stdout]    = help: items from traits can only be used if the trait is implemented and in scope
[INFO] [stdout]    = note: the following traits define an item `from_sql`, perhaps you need to implement one of them:
[INFO] [stdout]            candidate #1: `FromSql`
[INFO] [stdout]            candidate #2: `postgres_types::FromSql`
[INFO] [stdout] 
[INFO] [stdout] 
[INFO] [stdout] error[E0433]: failed to resolve: use of undeclared type `FooHH`
[INFO] [stdout]   --> butane/tests/json.rs:96:19
[INFO] [stdout]    |
[INFO] [stdout] 96 |     let mut foo = FooHH::new(id);
[INFO] [stdout]    |                   ^^^^^ use of undeclared type `FooHH`
[INFO] [stdout] 
[INFO] [stdout] 
[INFO] [stdout] error[E0433]: failed to resolve: use of undeclared type `FooHH`
[INFO] [stdout]    --> butane/tests/json.rs:104:20
[INFO] [stdout]     |
[INFO] [stdout] 104 |     let mut foo2 = FooHH::get(&conn, id).unwrap();
[INFO] [stdout]     |                    ^^^^^ use of undeclared type `FooHH`
[INFO] [stdout] 
[INFO] [stdout] 
[INFO] [stdout] error[E0433]: failed to resolve: use of undeclared type `FooHH`
[INFO] [stdout]    --> butane/tests/json.rs:110:16
[INFO] [stdout]     |
[INFO] [stdout] 110 |     let foo3 = FooHH::get(&conn, id).unwrap();
[INFO] [stdout]     |                ^^^^^ use of undeclared type `FooHH`
[INFO] [stdout] 
[INFO] [stdout] 
[INFO] [stdout] error[E0599]: no variant or associated item named `from_sql` found for enum `Whatsit` in the current scope
[INFO] [stdout]   --> butane/tests/custom_enum_derived.rs:80:20
[INFO] [stdout]    |
[INFO] [stdout] 10 | enum Whatsit {
[INFO] [stdout]    | ------------ variant or associated item `from_sql` not found for this enum
[INFO] [stdout] ...
[INFO] [stdout] 80 |     match Whatsit::from_sql(SqlVal::Text("Nope".to_string())) {
[INFO] [stdout]    |                    ^^^^^^^^ variant or associated item not found in `Whatsit`
[INFO] [stdout]    |
[INFO] [stdout]    = help: items from traits can only be used if the trait is implemented and in scope
[INFO] [stdout]    = note: the following traits define an item `from_sql`, perhaps you need to implement one of them:
[INFO] [stdout]            candidate #1: `FromSql`
[INFO] [stdout]            candidate #2: `postgres_types::FromSql`
[INFO] [stdout] 
[INFO] [stdout] 
[INFO] [stdout] warning: unused import: `butane::prelude`
[INFO] [stdout]  --> butane/tests/custom_enum_derived.rs:3:5
[INFO] [stdout]   |
[INFO] [stdout] 3 | use butane::prelude::*;
[INFO] [stdout]   |     ^^^^^^^^^^^^^^^
[INFO] [stdout]   |
[INFO] [stdout]   = note: `#[warn(unused_imports)]` on by default
[INFO] [stdout] 
[INFO] [stdout] 
[INFO] [stdout] warning: unused import: `ToSql`
[INFO] [stdout]  --> butane/tests/custom_enum_derived.rs:5:55
[INFO] [stdout]   |
[INFO] [stdout] 5 | use butane::{FieldType, FromSql, ObjectState, SqlVal, ToSql};
[INFO] [stdout]   |                                                       ^^^^^
[INFO] [stdout] 
[INFO] [stdout] 
[INFO] [stdout] warning: unused import: `FromSql`
[INFO] [stdout]  --> butane/tests/custom_enum_derived.rs:5:25
[INFO] [stdout]   |
[INFO] [stdout] 5 | use butane::{FieldType, FromSql, ObjectState, SqlVal, ToSql};
[INFO] [stdout]   |                         ^^^^^^^
[INFO] [stdout] 
[INFO] [stdout] 
[INFO] [stdout] error: aborting due to 16 previous errors; 3 warnings emitted
[INFO] [stdout] 
[INFO] [stdout] 
[INFO] [stdout] Some errors have detailed explanations: E0412, E0422, E0433, E0599.
[INFO] [stdout] 
[INFO] [stdout] For more information about an error, try `rustc --explain E0412`.
[INFO] [stdout] 
[INFO] [stdout] error[E0433]: failed to resolve: use of undeclared type `FooHHO`
[INFO] [stdout]    --> butane/tests/json.rs:141:19
[INFO] [stdout]     |
[INFO] [stdout] 141 |     let mut foo = FooHHO::new(id);
[INFO] [stdout]     |                   ^^^^^^ use of undeclared type `FooHHO`
[INFO] [stdout] 
[INFO] [stdout] 
[INFO] [stdout] error[E0433]: failed to resolve: use of undeclared type `FooHHO`
[INFO] [stdout]    --> butane/tests/json.rs:149:20
[INFO] [stdout]     |
[INFO] [stdout] 149 |     let mut foo2 = FooHHO::get(&conn, id).unwrap();
[INFO] [stdout]     |                    ^^^^^^ use of undeclared type `FooHHO`
[INFO] [stdout] 
[INFO] [stdout] 
[INFO] [stdout] error[E0433]: failed to resolve: use of undeclared type `FooHHO`
[INFO] [stdout]    --> butane/tests/json.rs:155:16
[INFO] [stdout]     |
[INFO] [stdout] 155 |     let foo3 = FooHHO::get(&conn, id).unwrap();
[INFO] [stdout]     |                ^^^^^^ use of undeclared type `FooHHO`
[INFO] [stdout] 
[INFO] [stdout] 
[INFO] [stderr] error: could not compile `butane` (test "custom_enum_derived") due to 17 previous errors; 3 warnings emitted
[INFO] [stdout] warning: unused import: `butane::prelude`
[INFO] [stdout]  --> butane/tests/common/blog.rs:1:5
[INFO] [stdout]   |
[INFO] [stdout] 1 | use butane::prelude::*;
[INFO] [stdout]   |     ^^^^^^^^^^^^^^^
[INFO] [stdout]   |
[INFO] [stdout]   = note: `#[warn(unused_imports)]` on by default
[INFO] [stdout] 
[INFO] [stdout] 
[INFO] [stdout] warning: unused import: `butane::prelude`
[INFO] [stdout]  --> butane/tests/query.rs:2:5
[INFO] [stdout]   |
[INFO] [stdout] 2 | use butane::prelude::*;
[INFO] [stdout]   |     ^^^^^^^^^^^^^^^
[INFO] [stdout] 
[INFO] [stdout] 
[INFO] [stdout] error[E0433]: failed to resolve: use of undeclared type `OuterFoo`
[INFO] [stdout]    --> butane/tests/json.rs:191:19
[INFO] [stdout]     |
[INFO] [stdout] 191 |     let mut foo = OuterFoo::new(id, InlineFoo::new(4, 8));
[INFO] [stdout]     |                   ^^^^^^^^ use of undeclared type `OuterFoo`
[INFO] [stdout] 
[INFO] [stdout] 
[INFO] [stdout] error[E0433]: failed to resolve: use of undeclared type `OuterFoo`
[INFO] [stdout]    --> butane/tests/json.rs:195:20
[INFO] [stdout]     |
[INFO] [stdout] 195 |     let mut foo2 = OuterFoo::get(&conn, id).unwrap();
[INFO] [stdout]     |                    ^^^^^^^^ use of undeclared type `OuterFoo`
[INFO] [stdout] 
[INFO] [stdout] 
[INFO] [stdout] error[E0433]: failed to resolve: use of undeclared type `OuterFoo`
[INFO] [stdout]    --> butane/tests/json.rs:201:16
[INFO] [stdout]     |
[INFO] [stdout] 201 |     let foo3 = OuterFoo::get(&conn, id).unwrap();
[INFO] [stdout]     |                ^^^^^^^^ use of undeclared type `OuterFoo`
[INFO] [stdout] 
[INFO] [stdout] 
[INFO] [stdout] warning: unused import: `butane::prelude`
[INFO] [stdout]  --> butane/tests/json.rs:4:5
[INFO] [stdout]   |
[INFO] [stdout] 4 | use butane::prelude::*;
[INFO] [stdout]   |     ^^^^^^^^^^^^^^^
[INFO] [stdout]   |
[INFO] [stdout]   = note: `#[warn(unused_imports)]` on by default
[INFO] [stdout] 
[INFO] [stdout] 
[INFO] [stdout] error: aborting due to 20 previous errors; 2 warnings emitted
[INFO] [stdout] 
[INFO] [stdout] 
[INFO] [stdout] Some errors have detailed explanations: E0412, E0422, E0432, E0433.
[INFO] [stdout] 
[INFO] [stdout] For more information about an error, try `rustc --explain E0412`.
[INFO] [stdout] 
[INFO] [stderr] error: could not compile `butane` (test "query") due to 21 previous errors; 2 warnings emitted
[INFO] [stdout] error: aborting due to 28 previous errors; 1 warning emitted
[INFO] [stdout] 
[INFO] [stdout] 
[INFO] [stdout] Some errors have detailed explanations: E0412, E0422, E0433.
[INFO] [stdout] 
[INFO] [stdout] For more information about an error, try `rustc --explain E0412`.
[INFO] [stdout] 
[INFO] [stderr] error: could not compile `butane` (test "json") due to 29 previous errors; 1 warning emitted
[INFO] running `Command { std: "docker" "inspect" "463d457c9a03dd8d3e55b1d420193088fd45a129b9b4bf4f2fd6ed865adfb474", kill_on_drop: false }`
[INFO] running `Command { std: "docker" "rm" "-f" "463d457c9a03dd8d3e55b1d420193088fd45a129b9b4bf4f2fd6ed865adfb474", kill_on_drop: false }`
[INFO] [stdout] 463d457c9a03dd8d3e55b1d420193088fd45a129b9b4bf4f2fd6ed865adfb474
